d 2.
1
Suppose 310*d = 302*d + 48. Calculate the highest common divisor of 1614 and d.
6
Let i = -2 - -33. Suppose 109 = 3*d - 77. What is the greatest common factor of i and d?
31
Let x(r) = r + 18. Let a be x(-12). Suppose w - 1 = 3*v + 5, -2*v + a = 0. What is the highest common factor of 15 and w?
15
Suppose 0 = 79*a - 2100 - 270. Calculate the greatest common factor of 470 and a.
10
Suppose 5*c - 2*k - 323 = 0, -226 = -4*c - k + 35. Calculate the greatest common divisor of c and 117.
13
Suppose 0 = -24*j + 1117 + 11. What is the greatest common divisor of 376 and j?
47
Suppose o - 84 = -4*u - 3*o, 2*o - 16 = -u. Suppose u = -r + 125. What is the highest common factor of r and 66?
33
Let y be ((-1)/(-3))/((-2)/3)*-138. Let h = -43 + y. Calculate the greatest common divisor of h and 65.
13
Let z(k) = k**2 + 3*k - 1. Let i be z(-5). Suppose -f + 188 = 2*l + 44, -5*f = -l + 72. Calculate the greatest common factor of l and i.
9
Suppose -10*l - 5*v + 1354 = -4*l, 4*l = -2*v + 900. Calculate the greatest common factor of l and 42.
14
Let l(p) = -4*p**2 + 245*p - 274. Let d be l(60). Suppose -61 = -5*c + w, -3*c - 2*c - 4*w + 81 = 0. Calculate the greatest common factor of d and c.
13
Let g be (240/(-25))/((-6)/20). Calculate the highest common factor of 16 and g.
16
Let y = 454 - 435. Let m be 2/(-6) - 116/(-6). What is the highest common factor of m and y?
19
Suppose 0 = -c - y + 30, 0 = -5*c - 8*y + 4*y + 152. Let h be c/(-1)*3*(-2)/4. Let t = -35 - -67. What is the greatest common divisor of h and t?
16
Let f be (-1)/2*(-5 + 1). Suppose -r - f*r = 0. Suppose -s - 5 = r, 0*s + 92 = 4*g - 4*s. What is the highest common factor of 6 and g?
6
Let a = 387 + -273. Suppose 5*n = t + t + 186, 0 = -3*n + 2*t + a. Calculate the highest common divisor of 4 and n.
4
Let c = 1172 + -1164. Calculate the greatest common divisor of 768 and c.
8
Suppose -24*s = 6*s - 2250. What is the greatest common divisor of s and 15?
15
Let r(h) = -70*h + 7. Let a be r(-1). What is the greatest common factor of a and 11?
11
Let p = 105 + -38. Let z = -48 + p. What is the greatest common divisor of 171 and z?
19
Let f be 0 + -4 + 18/3. Suppose -4*n = f*n - 1410. Suppose -5*w + 3*m = -n, -5*m - 207 = -4*w - 32. Calculate the greatest common divisor of w and 25.
25
Let t(o) = -o**2 - o - 2. Let c be t(5). Let j be 39*((-12)/28 + c/(-42)). Calculate the highest common divisor of 143 and j.
13
Suppose -2*o = 129 - 43. Let y be (0 - o)/((-10)/(-10)). What is the greatest common divisor of 172 and y?
43
Suppose -2*s - s + 5*m + 63 = 0, 2*s - 42 = -5*m. Suppose -3*v = 2*z + z - 543, 5*z - 896 = 4*v. Let a = -96 + z. What is the highest common factor of a and s?
21
Let j be 7/(14/102) + 0. Let h = 75 - j. What is the highest common factor of h and 8?
8
Suppose -l + 32 = 2*b, b - l - 7 - 9 = 0. Let y be ((-48)/(-30) + -4)/((-6)/440). What is the highest common factor of y and b?
16
Let v = -980 - -989. Suppose 4*j - j = -81. Let d be 2/v - 318/j. What is the highest common factor of 24 and d?
12
Let f(r) = -r**2 + 5*r + 12. Let c be f(5). Suppose -c = 3*z, 0*z = -2*o - 3*z + 178. Let u = 15 + 4. Calculate the greatest common divisor of u and o.
19
Let j(g) = 8*g**2 + 2*g + 29 + 30 - 57. Let u be j(-2). What is the greatest common divisor of u and 240?
30
Let x(o) = -o**3 + 19*o**2 + 24*o + 7. Let h be x(20). What is the highest common factor of 696 and h?
87
Let s = -880 - -958. Calculate the greatest common factor of 30 and s.
6
Suppose 0 = x - 8*x + 294. Calculate the highest common factor of 14 and x.
14
Let n(k) = 2*k**2 + 3*k + 1. Let f be n(-3). Let b be (-2 - 160/(-6)) + 21/63. What is the greatest common factor of f and b?
5
Suppose g - 73 = 20. Suppose -2*r - 2 = -r, -3*t - 3*r = -g. Suppose -27*h + 28*h - 2*w = 27, 117 = 4*h - 5*w. Calculate the highest common factor of h and t.
33
Let g(r) = -18*r - 7. Let h be g(-5). Suppose -3*u + 4*w + 244 = -0*u, u - w - h = 0. Suppose -3*b + u = 16. What is the highest common divisor of 264 and b?
24
Let z(u) = 3*u**2 + 25*u + 31. Let x be z(-7). Let o be -3 - 8*(3 + -4). What is the highest common divisor of o and x?
1
Suppose 2*d - 11*b - 444 = -8*b, -3*d = 4*b - 632. Calculate the highest common factor of 24 and d.
24
Suppose 4*r + 16 = 0, 48*i - 3*r = 52*i - 8. What is the highest common divisor of 40 and i?
5
Let m be 436/14 + (-108)/(-126). What is the highest common divisor of m and 4?
4
Suppose 10*b - 12936 = -67*b. Calculate the greatest common factor of b and 210.
42
Let g(x) = -x**2 + 7*x - 1. Let i be g(3). Suppose 6*b = 8*b - 28. Let k = b - i. What is the highest common factor of k and 12?
3
Suppose -3*h + 18 + 84 = 0. Suppose k = 259 - h. Calculate the greatest common divisor of 25 and k.
25
Suppose -c = -b + 41, 14*c = 4*b + 12*c - 166. What is the greatest common factor of 826 and b?
14
Let x = 28 - 15. Let h = -73 - -79. Let z = h + x. What is the highest common divisor of z and 38?
19
Let q(j) = 5*j**2 - 28*j - 6. Let d be q(7). Suppose d = l - 53. What is the highest common divisor of 12 and l?
12
Let c be 160/30*66/8. Let m = c - 35. What is the greatest common factor of 18 and m?
9
Suppose 5*f - 9*f - 8 = 0. Let d be 6*(-1)/f + 0. Let y be (27/6 - d)*12. What is the greatest common divisor of 45 and y?
9
Suppose -2367 + 505 = -54*g + 5914. Suppose 89 = 2*q - 7. Let d be (q/9)/((-1)/(-3)). What is the greatest common factor of d and g?
16
Suppose -188 = -4*z + 3*b, -10*z + 4*b + 104 = -8*z. Calculate the highest common factor of z and 583.
11
Suppose 0 = 8*p - 17 - 7. Let g = 3 + 0. What is the highest common divisor of g and p?
3
Let i be 35 + -1 + (1 - 0). Let n = 43 + -15. Suppose 5*m - n = p, 5*m - 3*p - 44 = -10. Calculate the highest common divisor of m and i.
5
Suppose 2*f = f - 5*j - 12, -3*f + 5*j + 24 = 0. Let b = -41 + 68. What is the highest common divisor of f and b?
3
Suppose 3*m = 8*m - 10. Suppose -x = -9 + m. What is the greatest common divisor of x and 91?
7
Suppose -2 = m, 2*b = -5*m + 3*m + 2620. Calculate the highest common divisor of 16 and b.
16
Let g(p) = 2*p**2 + 13*p + 10. Let j be g(-7). Calculate the highest common factor of 17 and j.
17
Let b(x) = -2*x - 15. Let l be b(-10). Suppose 0 = -l*n - 3*y + 123, -60 - 7 = -3*n + 5*y. Let v be n*1/(9/24). What is the greatest common divisor of v and 8?
8
Let b be (-16)/((14/385)/(3/(-15))). Calculate the greatest common divisor of b and 209.
11
Let q(h) = -220*h**2 - 1. Let k = 7 + -8. Let c be q(k). Let t = -91 - c. What is the greatest common divisor of t and 26?
26
Suppose 29*z + 2*h = 28*z + 70, 2*z - 3*h - 140 = 0. Calculate the highest common factor of 448 and z.
14
Let k be (-9)/15*60/(-2). Suppose -39*i - k = -40*i. Calculate the greatest common factor of i and 9.
9
Suppose 4*f - 38 = 2*w - 664, 1570 = 5*w - 5*f. Suppose 3*x - 3*k = w, 4*x - k - 2*k - 419 = 0. Calculate the highest common divisor of x and 8.
8
Let o(y) = -y**3 + 4*y**2 + 5*y - 4. Let n be o(4). Suppose 0 = -a + 13 + 227. Suppose -11*j + 6*j + a = 0. What is the greatest common factor of j and n?
16
Suppose 0 = 2*q + 5*w - 3 + 7, -q = -2*w - 7. Suppose -160 = -8*o + q*o. Calculate the greatest common divisor of o and 128.
32
Suppose 0 = 4*g + 3*b - 75, 14*g + 23 = 15*g + 5*b. Suppose 35 = -5*a + 260. What is the greatest common divisor of a and g?
9
Let u(j) = j**3 + 7*j**2 - j - 1. Let n be u(-7). Let y be ((-24)/30)/(n/(-1815)). Let d = -165 + y. Calculate the highest common divisor of d and 7.
7
Let t = -147 + 241. Let b = -22 + t. What is the greatest common factor of b and 48?
24
Let b be (-72)/42*28/(-2). Let f(m) = 2*m - 43. Let n be f(b). What is the highest common divisor of 5 and n?
5
Let q be 2/4 - (-57)/38. Let c be 3 + -2 - (-89 + q). What is the highest common divisor of 11 and c?
11
Let k = 79 - 74. Suppose 0 = -3*t + k*t, -4*c + 104 = 5*t. What is the highest common divisor of c and 13?
13
Suppose -4*j + 4 = 0, -l = l - 3*j - 1. Let p = l - 6. Let q = 17 + p. Calculate the highest common factor of 13 and q.
13
Let q(i) = -2*i - 8. Let o be q(-6). Let a be 7*(7 + (-315)/49). Calculate the highest common factor of o and a.
4
Let w be (-2)/9 - (-870)/27. Let k = w + -23. Calculate the greatest common divisor of 9 and k.
9
Let x be 908/28 - 12/28. Sup